ands digit of 172882?
7
What is the ten thousands digit of 7966181?
6
What is the hundred thousands digit of 1780165?
7
What is the hundred thousands digit of 9532085?
5
What is the units digit of 16378?
8
What is the units digit of 1021967?
7
What is the units digit of 4740202?
2
What is the ten millions digit of 12780077?
1
What is the tens digit of 10047547?
4
What is the units digit of 29103?
3
What is the hundred thousands digit of 3749143?
7
What is the tens digit of 160082?
8
What is the thousands digit of 14857165?
7
What is the tens digit of 9996699?
9
What is the hundred thousands digit of 168120?
1
What is the hundred thousands digit of 758132?
7
What is the millions digit of 3868833?
3
What is the units digit of 3400?
0
What is the hundred thousands digit of 13533313?
5
What is the hundreds digit of 277437?
4
What is the tens digit of 241261?
6
What is the units digit of 1691436?
6
What is the hundreds digit of 1236969?
9
What is the units digit of 3563765?
5
What is the hundred thousands digit of 5165935?
1
What is the tens digit of 43424?
2
What is the units digit of 998454?
4
What is the tens digit of 1583317?
1
What is the tens digit of 330644?
4
What is the units digit of 135452?
2
What is the hundreds digit of 699990?
9
What is the units digit of 125044?
4
What is the hundreds digit of 415433?
4
What is the units digit of 17761123?
3
What is the thousands digit of 3103509?
3
What is the ten thousands digit of 1565000?
6
What is the tens digit of 4466576?
7
What is the ten thousands digit of 21872308?
7
What is the hundreds digit of 56940?
9
What is the thousands digit of 877362?
7
What is the ten millions digit of 12220405?
1
What is the hundreds digit of 2089028?
0
What is the units digit of 250848?
8
What is the hundred thousands digit of 3462855?
4
What is the thousands digit of 491934?
1
What is the ten thousands digit of 8722607?
2
What is the tens digit of 18357497?
9
What is the thousands digit of 144829?
4
What is the ten thousands digit of 4814472?
1
What is the tens digit of 1091327?
2
What is the thousands digit of 241224?
1
What is the ten thousands digit of 109578?
0
What is the hundreds digit of 213455?
4
What is the units digit of 223794?
4
What is the tens digit of 4087286?
8
What is the thousands digit of 4356986?
6
What is the hundred thousands digit of 1306657?
3
What is the thousands digit of 439732?
9
What is the thousands digit of 975437?
5
What is the millions digit of 1188130?
1
What is the millions digit of 17906025?
7
What is the thousands digit of 718004?
8
What is the thousands digit of 3654675?
4
What is the ten thousands digit of 3295841?
9
What is the units digit of 215899?
9
What is the ten thousands digit of 504649?
0
What is the tens digit of 3260672?
7
What is the hundreds digit of 653020?
0
What is the units digit of 6591740?
0
What is the ten thousands digit of 118202?
1
What is the hundreds digit of 5339272?
2
What is the units digit of 4003049?
9
What is the hundred thousands digit of 398923?
3
What is the hundred thousands digit of 39441497?
4
What is the hundreds digit of 231877?
8
What is the units digit of 509730?
0
What is the millions digit of 5282421?
5
What is the millions digit of 6026374?
6
What is the ten thousands digit of 2118960?
1
What is the hundreds digit of 6674436?
4
What is the hundreds digit of 1460771?
7
What is the ten thousands digit of 864261?
6
What is the ten millions digit of 19054232?
1
What is the hundred thousands digit of 2396803?
3
What is the thousands digit of 164639?
4
What is the thousands digit of 35886670?
6
What is the hundreds digit of 394192?
1
What is the units digit of 90557?
7
What is the millions digit of 19685948?
9
What is the millions digit of 5598002?
5
What is the thousands digit of 1936294?
6
What is the tens digit of 50909?
0
What is the thousands digit of 190045?
0
What is the thousands digit of 5764349?
4
What is the hundreds digit of 20435054?
0
What is the thousands digit of 1466291?
6
What is the hundred thousands digit of 3253023?
2
What is the ten millions digit of 11028870?
1
What is the tens digit of 1270398?
9
What is the units digit of 5934758?
8
What is the tens digit of 784518?
1
What is the ten thousands digit of 733585?
3
What is the thousands digit of 6699943?
9
What is the ten thousands digit of 198435?
9
What is the ten thousands digit of 31833?
3
What is the hundred thousands digit of 239071?
2
What is the ten millions digit of 17228472?
1
What is the hundred thousands digit of 3031519?
0
What is the tens digit of 160947?
4
What is the units digit of 20550359?
9
What is the hundreds digit of 2201?
2
What is the millions digit of 6305010?
6
What is the ten thousands digit of 125419?
2
What is the thousands digit of 3915205?
5
What is the hundreds digit of 305442?
4
What is the units digit of 26716941?
1
What is the tens digit of 177294?
9
What is the hundreds digit of 20089?
0
What is the thousands digit of 425760?
5
What is the thousands digit of 6369336?
9
What is the hundred thousands digit of 6296608?
2
What is the hundred thousands digit of 624394?
6
What is the tens digit of 3032304?
0
What is the thousands digit of 3010138?
0
What is the tens digit of 574164?
6
What is the tens digit of 210267?
6
What is the hundred thousands digit of 265274?
2
What is the ten thousands digit of 9829827?
2
What is the thousands digit of 54521?
4
What is the units digit of 1263398?
8
What is the tens digit of 371214?
1
What is the hundreds digit of 433083?
0
What is the hundred thousands digit of 31564364?
5
What is the hundred thousands digit of 617515?
6
What is the ten thousands digit of 1864344?
6
What is the ten thousands digit of 7807457?
0
What is the units digit of 379679?
9
What is the millions digit of 5932599?
5
What is the ten thousands digit of 1179850?
7
What is the hundred thousands digit of 27015394?
0
What is the hundred thousands digit of 45711049?
7
What is the tens digit of 4555?
5
What is the thousands digit of 97918?
7
What is the hundreds digit of 896188?
1
What is the units digit of 9954231?
1
What is the units digit of 5924268?
8
What is the units digit of 757594?
4
What is the ten thousands digit of 292674?
9
What is the thousands digit of 2386863?
6
What is the ten thousands digit of 120863?
2
What is the ten thousands digit of 333040?
3
What is the ten thousands digit of 171778?
7
What is the ten thousands digit of 523373?
2
What is the millions digit of 16421337?
6
What is the tens digit of 243096?
9
What is the ten thousands digit of 2212588?
1
What is the tens digit of 10082290?
9
What is the thousands digit of 95745?
5
What is the units digit of 2848702?
2
What is the units digit of 22542183?
3
What is the units digit of 4020279?
9
What is the ten thousands digit of 2227645?
2
What is the thousands digit of 14436?
4
What is the ten thousands digit of 1353852?
5
What is the millions digit of 2412470?
2
What is the tens digit of 81350?
5
What is the ten thousands digit of 4503049?
0
What is the hundred thousands digit of 1733013?
7
What is the units digit of 592929?
9
What is the hundred thousands digit of 115888?
1
What is the hundred thousands digit of 202700?
2
What is the millions digit of 9798457?
9
What is the ten thousands digit of 11989?
1
What is the hundred thousands digit of 367108?
3
What is the ten thousands digit of 3501451?
0
What is the millions digit of 2003158?
2
What is the hundreds digit of 335559?
5
What is the hundred thousands digit of 1295465?
2
What is the ten thousands digit of 916264?
1
What is the millions digit of 1014743?
1
What is the units digit of 369980?
0
What is the thousands digit of 39739?
9
What is the hundreds digit of 648634?
6
What is the hundreds digit of 1899530?
5
What is the ten millions digit of 21154334?
2
What is the hundreds digit of 6930226?
2
What is the units digit of 1626021?
1
What is the hundreds digit of 910003?
0
What is the ten thousands digit of 34028284?
2
What is the ten thousands digit of 4274003?
7
What is the tens digit of 428426?
2
What is the tens digit of 5499?
9
What is the tens digit of 67958?
5
What is the thousands digit of 1413151?
3
What is the hundred thousands digit of 261590?
2
What is the units digit of 594281?
1
What